{"id":90,"date":"2025-02-02T16:43:26","date_gmt":"2025-02-02T16:43:26","guid":{"rendered":"https:\/\/jokertaxi-sh.ch\/?page_id=90"},"modified":"2025-02-02T19:01:04","modified_gmt":"2025-02-02T19:01:04","slug":"ueber-uns","status":"publish","type":"page","link":"https:\/\/jokertaxi-sh.ch\/?page_id=90","title":{"rendered":"\u00dcber uns"},"content":{"rendered":"\n<p>Joker Taxi in Schaffhausen wurde im Jahre 2012 gegr\u00fcndet.<\/p>\n\n\n\n<p>Bereits im Jahre 2013 und 2014 hatten wir schon 2 Taxifahrzeuge im Fuhrpark. Stets spezialisierten wir uns f\u00fcr Flughafentransfers in den nahegelegenen Flugh\u00e4fen wie Flughafen Z\u00fcrich, Basel, Genf und sogar konnten wir mehrere Male unsere G\u00e4ste nach Flughafen Stuttgart bringen,<\/p>\n\n\n\n<p>Nach ca. 5 Jahren hat Joker Taxi schon 5 Taxifahrzeuge in diverse Kategorien und 3 Festangestellten, die Ihre Dienste in Kanton Schaffhausen und Umgebung stets sehr gut erledigt haben, unsere Kundschaft haben f\u00fcr uns immer eine gute Note gegeben. Wir danken allen ganz Herzlich.<\/p>\n\n\n\n<p>\u00dcberlebenskampf in Corona Zeiten war nicht so leicht, bis Ende 2022 mussten wir unseren Fuhrpark bis auf 2 Taxifahrzeug reduzieren und in der Zwischenzeit hatten alle Mitarbeiterinnen und Mitarbeiter gek\u00fcndigt, und nun musste trotzdem weiter.<\/p>\n\n\n\n<p>Jetzt stehen wir wieder voll auf beide F\u00fcssen und haben 2 Taxifahrzeuge mit Hybrid Technologie und einen 7 Pl\u00e4tzer Fahrzeug f\u00fcr 6 G\u00e4ste mit Verbrenner Motor, und es geht weiter.<\/p>\n\n\n\n<div class=\"wp-block-cover alignfull is-light\" style=\"min-height:100vh;aspect-ratio:unset;\"><span aria-hidden=\"true\" class=\"wp-block-cover__background has-background-dim-100 has-background-dim\" style=\"background-color:#ffffff\"><\/span><div class=\"wp-block-cover__inner-container is-layout-flow wp-block-cover-is-layout-flow\">\n<div class=\"wp-block-media-text alignwide is-stacked-on-mobile is-vertically-aligned-center is-image-fill-element\" style=\"grid-template-columns:27% auto\"><figure class=\"wp-block-media-text__media\"><img loading=\"lazy\" decoding=\"async\" width=\"1024\" height=\"392\" src=\"https:\/\/jokertaxi-sh.ch\/wp-content\/uploads\/2025\/02\/Joker-Taxi-Schaffhausen-Corolla_2-1-1024x392.png\" alt=\"Joker Taxi ist Ihr Taxi in und um Schaffhausen\" class=\"wp-image-96 size-full\" style=\"object-position:50% 50%\" srcset=\"https:\/\/jokertaxi-sh.ch\/wp-content\/uploads\/2025\/02\/Joker-Taxi-Schaffhausen-Corolla_2-1-1024x392.png 1024w, https:\/\/jokertaxi-sh.ch\/wp-content\/uploads\/2025\/02\/Joker-Taxi-Schaffhausen-Corolla_2-1-300x115.png 300w, https:\/\/jokertaxi-sh.ch\/wp-content\/uploads\/2025\/02\/Joker-Taxi-Schaffhausen-Corolla_2-1-768x294.png 768w, https:\/\/jokertaxi-sh.ch\/wp-content\/uploads\/2025\/02\/Joker-Taxi-Schaffhausen-Corolla_2-1.png 1192w\" sizes=\"auto, (max-width: 1024px) 100vw, 1024px\" \/><\/figure><div class=\"wp-block-media-text__content\">\n<h2 class=\"wp-block-heading has-text-color\" style=\"color:#000000;font-size:32px\">Standard Taxi=Toyota Corolla Hybrid Kombi<\/h2>\n\n\n\n<p class=\"has-text-color\" style=\"color:#000000;font-size:17px\">Toyota Corolla ist mit Hybrid Technologie ausgestattet je nach Wunsch kann mit Verbrenner Motor oder Elektrisch bewegt werden. Man hat Klimaanlage, USB-Steckplatz, gen\u00fcgend Stauraum im Kofferraum, sehr bequem und leise, bietet Platz f\u00fcr 4 G\u00e4ste mit Gep\u00e4ck. Kinder Sitzerh\u00f6hung ist vorhanden.<\/p>\n\n\n\n<div class=\"wp-block-buttons is-layout-flex wp-block-buttons-is-layout-flex\">\n<div class=\"wp-block-button is-style-fill\"><a class=\"wp-block-button__link wp-element-button\">Sie wollen diese f\u00fcr ein Taxifahrt Buchen?<\/a><\/div>\n<\/div>\n<\/div><\/div>\n<\/div><\/div>\n\n\n\n<div class=\"wp-block-cover alignfull is-light\" style=\"min-height:100vh;aspect-ratio:unset;\"><span aria-hidden=\"true\" class=\"wp-block-cover__background has-background-dim-100 has-background-dim\" style=\"background-color:#ffffff\"><\/span><div class=\"wp-block-cover__inner-container is-layout-flow wp-block-cover-is-layout-flow\">\n<div class=\"wp-block-media-text alignwide is-stacked-on-mobile is-vertically-aligned-center is-image-fill-element\" style=\"grid-template-columns:25% auto\"><figure class=\"wp-block-media-text__media\"><img loading=\"lazy\" decoding=\"async\" width=\"1024\" height=\"620\" src=\"https:\/\/jokertaxi-sh.ch\/wp-content\/uploads\/2025\/02\/RAV4-3-2-1024x620.jpg\" alt=\"\" class=\"wp-image-99 size-full\" style=\"object-position:50% 50%\" srcset=\"https:\/\/jokertaxi-sh.ch\/wp-content\/uploads\/2025\/02\/RAV4-3-2-1024x620.jpg 1024w, https:\/\/jokertaxi-sh.ch\/wp-content\/uploads\/2025\/02\/RAV4-3-2-300x182.jpg 300w, https:\/\/jokertaxi-sh.ch\/wp-content\/uploads\/2025\/02\/RAV4-3-2-768x465.jpg 768w, https:\/\/jokertaxi-sh.ch\/wp-content\/uploads\/2025\/02\/RAV4-3-2.jpg 1175w\" sizes=\"auto, (max-width: 1024px) 100vw, 1024px\" \/><\/figure><div class=\"wp-block-media-text__content\">\n<h2 class=\"wp-block-heading has-text-color\" style=\"color:#000000;font-size:32px\">Toyota RAV-4 GR Vollhybrid<\/h2>\n\n\n\n<p class=\"has-text-color\" style=\"color:#000000;font-size:17px\">Dieser Fahrzeug hat viel Platz und ist f\u00fcr 4 G\u00e4ste mit Gep\u00e4ck ausgestattet, hat alles was man sich w\u00fcnscht. Sie k\u00f6nnen sehr bequem auch f\u00fcr l\u00e4nger dauernde Reisen diese Buchen. <\/p>\n\n\n\n<div class=\"wp-block-buttons is-layout-flex wp-block-buttons-is-layout-flex\">\n<div class=\"wp-block-button is-style-fill\"><a class=\"wp-block-button__link wp-element-button\">Sie wollen diese f\u00fcr ein Taxifahrt Buchen?<\/a><\/div>\n<\/div>\n<\/div><\/div>\n<\/div><\/div>\n\n\n\n<div class=\"wp-block-cover alignfull is-light\" style=\"min-height:100vh;aspect-ratio:unset;\"><span aria-hidden=\"true\" class=\"wp-block-cover__background has-background-dim-100 has-background-dim\" style=\"background-color:#ffffff\"><\/span><div class=\"wp-block-cover__inner-container is-layout-flow wp-block-cover-is-layout-flow\">\n<div class=\"wp-block-media-text alignwide is-stacked-on-mobile is-vertically-aligned-center is-image-fill-element\" style=\"grid-template-columns:24% auto\"><figure class=\"wp-block-media-text__media\"><img loading=\"lazy\" decoding=\"async\" width=\"1024\" height=\"470\" src=\"https:\/\/jokertaxi-sh.ch\/wp-content\/uploads\/2025\/02\/Previa-1024x470.jpg\" alt=\"\" class=\"wp-image-100 size-full\" style=\"object-position:50% 50%\" srcset=\"https:\/\/jokertaxi-sh.ch\/wp-content\/uploads\/2025\/02\/Previa-1024x470.jpg 1024w, https:\/\/jokertaxi-sh.ch\/wp-content\/uploads\/2025\/02\/Previa-300x138.jpg 300w, https:\/\/jokertaxi-sh.ch\/wp-content\/uploads\/2025\/02\/Previa-768x353.jpg 768w, https:\/\/jokertaxi-sh.ch\/wp-content\/uploads\/2025\/02\/Previa-1536x705.jpg 1536w, https:\/\/jokertaxi-sh.ch\/wp-content\/uploads\/2025\/02\/Previa-2048x940.jpg 2048w\" sizes=\"auto, (max-width: 1024px) 100vw, 1024px\" \/><\/figure><div class=\"wp-block-media-text__content\">\n<h2 class=\"wp-block-heading has-text-color\" style=\"color:#000000;font-size:32px\">Toyota Previa SUV, 7 Platz (6 G\u00e4ste)<\/h2>\n\n\n\n<p class=\"has-text-color\" style=\"color:#000000;font-size:17px\">Toyota Previa ist ein grosses Fahrzeug der f\u00fcr 6 G\u00e4ste Platz bietet, eignet sich f\u00fcr Flughafentransfers und oder Meeting, Hochzeitgesellschaft, Gruppenausflug etc.<\/p>\n\n\n\n<div class=\"wp-block-buttons is-layout-flex wp-block-buttons-is-layout-flex\">\n<div class=\"wp-block-button is-style-fill\"><a class=\"wp-block-button__link wp-element-button\">Sie wollen diese f\u00fcr ein Taxifahrt Buchen?<\/a><\/div>\n<\/div>\n<\/div><\/div>\n<\/div><\/div>\n\n\n\n<p><\/p>\n","protected":false},"excerpt":{"rendered":"<p>Joker Taxi in Schaffhausen wurde im Jahre 2012 gegr\u00fcndet. Bereits im Jahre 2013 und 2014 hatten wir schon 2 Taxifahrzeuge im Fuhrpark. Stets spezialisierten wir uns f\u00fcr Flughafentransfers in den nahegelegenen Flugh\u00e4fen wie Flughafen Z\u00fcrich, Basel, Genf und sogar konnten wir mehrere Male unsere G\u00e4ste nach Flughafen Stuttgart bringen, Nach ca. 5 Jahren hat Joker [&hellip;]<\/p>\n","protected":false},"author":1,"featured_media":0,"parent":0,"menu_order":0,"comment_status":"closed","ping_status":"closed","template":"","meta":{"footnotes":""},"class_list":["post-90","page","type-page","status-publish","hentry"],"aioseo_notices":[],"_links":{"self":[{"href":"https:\/\/jokertaxi-sh.ch\/index.php?rest_route=\/wp\/v2\/pages\/90","targetHints":{"allow":["GET"]}}],"collection":[{"href":"https:\/\/jokertaxi-sh.ch\/index.php?rest_route=\/wp\/v2\/pages"}],"about":[{"href":"https:\/\/jokertaxi-sh.ch\/index.php?rest_route=\/wp\/v2\/types\/page"}],"author":[{"embeddable":true,"href":"https:\/\/jokertaxi-sh.ch\/index.php?rest_route=\/wp\/v2\/users\/1"}],"replies":[{"embeddable":true,"href":"https:\/\/jokertaxi-sh.ch\/index.php?rest_route=%2Fwp%2Fv2%2Fcomments&post=90"}],"version-history":[{"count":3,"href":"https:\/\/jokertaxi-sh.ch\/index.php?rest_route=\/wp\/v2\/pages\/90\/revisions"}],"predecessor-version":[{"id":101,"href":"https:\/\/jokertaxi-sh.ch\/index.php?rest_route=\/wp\/v2\/pages\/90\/revisions\/101"}],"wp:attachment":[{"href":"https:\/\/jokertaxi-sh.ch\/index.php?rest_route=%2Fwp%2Fv2%2Fmedia&parent=90"}],"curies":[{"name":"wp","href":"https:\/\/api.w.org\/{rel}","templated":true}]}}